or of 162 and 1863.
81
What is the highest common divisor of 25938 and 198?
198
Calculate the highest common divisor of 6228 and 36.
36
What is the greatest common factor of 1 and 636?
1
Calculate the greatest common divisor of 60 and 220.
20
What is the highest common divisor of 88 and 33?
11
What is the greatest common divisor of 53 and 689?
53
Calculate the highest common factor of 189 and 54.
27
Calculate the greatest common factor of 1236 and 3.
3
What is the greatest common factor of 286 and 22?
22
Calculate the greatest common factor of 5 and 65.
5
Calculate the highest common divisor of 213 and 27.
3
Calculate the highest common divisor of 85 and 578.
17
What is the greatest common factor of 366 and 24?
6
What is the greatest common divisor of 960 and 2304?
192
What is the highest common factor of 7497 and 102?
51
Calculate the greatest common divisor of 252 and 33348.
84
What is the greatest common factor of 460 and 3956?
92
What is the highest common factor of 243 and 324?
81
What is the highest common factor of 1462 and 68?
34
Calculate the highest common factor of 10382 and 406.
58
Calculate the highest common divisor of 540 and 36.
36
What is the greatest common factor of 2686 and 204?
34
What is the highest common factor of 1251 and 9?
9
What is the highest common factor of 20517 and 42?
21
What is the greatest common divisor of 82 and 6847?
41
What is the greatest common divisor of 609 and 63?
21
What is the greatest common divisor of 810 and 25?
5
Calculate the highest common factor of 187 and 119.
17
What is the highest common divisor of 14 and 273?
7
What is the highest common divisor of 112 and 1064?
56
What is the greatest common divisor of 6696 and 4092?
372
What is the greatest common factor of 84 and 1050?
42
Calculate the greatest common divisor of 2176 and 68.
68
Calculate the greatest common divisor of 9 and 369.
9
What is the greatest common divisor of 325 and 13?
13
Calculate the greatest common divisor of 54 and 1206.
18
Calculate the highest common factor of 8775 and 360.
45
What is the highest common divisor of 882 and 2856?
42
Calculate the greatest common factor of 266 and 28.
14
What is the greatest common divisor of 135 and 351?
27
What is the highest common factor of 27 and 12600?
9
What is the highest common factor of 171 and 76?
19
What is the greatest common divisor of 11956 and 588?
196
Calculate the highest common factor of 5424 and 113.
113
What is the highest common divisor of 6200 and 62?
62
What is the highest common factor of 91 and 26?
13
What is the greatest common divisor of 30 and 170?
10
Calculate the highest common factor of 95 and 5.
5
Calculate the highest common divisor of 1955 and 92.
23
Calculate the greatest common divisor of 700 and 4.
4
Calculate the highest common factor of 616 and 231.
77
What is the highest common factor of 19 and 608?
19
What is the greatest common factor of 72 and 36?
36
Calculate the highest common divisor of 1727 and 44.
11
Calculate the greatest common factor of 4 and 122.
2
Calculate the greatest common factor of 32 and 80.
16
What is the highest common factor of 13 and 1664?
13
What is the highest common factor of 90 and 747?
9
Calculate the highest common factor of 132 and 6534.
66
Calculate the highest common factor of 378 and 882.
126
What is the highest common factor of 70 and 4375?
35
Calculate the greatest common divisor of 1220 and 5.
5
Calculate the highest common divisor of 1037 and 17.
17
What is the highest common divisor of 4803 and 3?
3
What is the highest common divisor of 729 and 405?
81
Calculate the highest common factor of 666 and 18.
18
What is the highest common factor of 8 and 68?
4
What is the highest common factor of 4075 and 50?
25
Calculate the highest common factor of 14681 and 277.
277
What is the highest common factor of 88 and 110?
22
Calculate the greatest common factor of 58 and 1798.
58
Calculate the highest common factor of 66 and 231.
33
What is the greatest common factor of 32967 and 198?
99
What is the highest common divisor of 320 and 64?
64
Calculate the highest common factor of 200 and 140.
20
Calculate the greatest common divisor of 63 and 84.
21
Calculate the greatest common factor of 46 and 598.
46
What is the greatest common divisor of 250 and 70?
10
Calculate the greatest common factor of 4990 and 30.
10
Calculate the highest common factor of 1076 and 4.
4
What is the greatest common factor of 6648 and 88?
8
What is the highest common divisor of 8 and 30?
2
What is the highest common divisor of 258 and 60?
6
What is the highest common divisor of 13 and 208?
13
Calculate the greatest common factor of 48 and 1524.
12
Calculate the highest common factor of 4646 and 184.
46
What is the greatest common divisor of 24 and 928?
8
Calculate the greatest common factor of 357 and 1134.
21
Calculate the greatest common divisor of 92 and 5612.
92
Calculate the highest common factor of 24 and 1840.
8
Calculate the highest common divisor of 293 and 38383.
293
What is the highest common factor of 11309 and 43?
43
What is the highest common factor of 456 and 168?
24
What is the greatest common factor of 120 and 48?
24
Calculate the highest common divisor of 86 and 7826.
86
Calculate the highest common factor of 9 and 16236.
9
What is the greatest common divisor of 336 and 3234?
42
What is the highest common divisor of 288 and 156?
12
What is the highest common factor of 60 and 1180?
20
What is the highest common divisor of 1246 and 182?
14
What is the greatest common divisor of 16 and 184?
8
What is the greatest common divisor of 851 and 23?
23
Calculate the greatest common divisor of 1435 and 615.
205
What is the highest common factor of 4579 and 57?
19
What is the highest common factor of 38 and 1349?
19
Calculate the highest common factor of 96 and 816.
48
What is the highest common divisor of 120 and 3615?
15
What is the highest common factor of 120 and 105?
15
What is the highest common divisor of 12 and 28500?
12
What is the highest common divisor of 96 and 72?
24
Calculate the greatest common divisor of 1050 and 1075.
25
Calculate the greatest common factor of 12 and 964.
4
What is the greatest common factor of 1071 and 238?
119
Calculate the greatest common divisor of 32544 and 36.
36
Calculate the highest common divisor of 120 and 10.
10
Calculate the greatest common divisor of 1695 and 15.
15
What is the greatest common divisor of 8610 and 123?
123
Calculate the greatest common divisor of 13 and 208.
13
What is the highest common factor of 387 and 8?
1
Calculate the highest common factor of 7371 and 162.
81
What is the greatest common factor of 427 and 14?
7
Calculate the greatest common divisor of 264 and 429.
33
What is the greatest common factor of 128 and 1888?
32
What is the highest common divisor of 210 and 255?
15
What is the greatest common divisor of 360 and 160?
40
Calculate the greatest common factor of 1482 and 312.
78
What is the greatest common divisor of 124 and 341?
31
What is the greatest common factor of 11 and 41239?
11
What is the greatest common divisor of 386 and 32?
2
What is the highest common factor of 15 and 1725?
15
Calculate the greatest common factor of 4769 and 19.
19
What is the highest common divisor of 10 and 610?
10
What is the greatest common factor of 19458 and 27?
9
Calculate the highest common divisor of 6862 and 282.
94
What is the greatest common divisor of 5607 and 42?
21
Calculate the greatest common factor of 4 and 710.
2
Calculate the highest common divisor of 1296 and 189.
27
What is the highest common factor of 90 and 20?
10
Calculate the greatest common factor of 207 and 138.
69
Calculate the highest common divisor of 77 and 28.
7
What is the highest common divisor of 16 and 1488?
16
Calculate the greatest common factor of 1364 and 66.
22
What is the greatest common divisor of 429 and 39?
39
What is the greatest common divisor of 45796 and 107?
107
Calculate the greatest common divisor of 63 and 35.
7
Calculate the highest common factor of 108 and 372.
12
Calculate the greatest common divisor of 31 and 16151.
31
Calculate the highest common divisor of 392 and 56.
56
What is the highest common factor of 175 and 75?
25
What is the highest common factor of 23 and 69?
23
Wha